f 56 and 229838.
14
Calculate the greatest common factor of 7172 and 66.
22
Calculate the greatest common divisor of 2368 and 56256.
64
Calculate the highest common divisor of 1812 and 43337.
151
What is the greatest common divisor of 139161 and 99?
33
What is the greatest common divisor of 140 and 467348?
28
Calculate the greatest common factor of 4525382 and 76.
38
Calculate the greatest common factor of 1767 and 14787.
93
Calculate the greatest common divisor of 1116 and 2031678.
558
Calculate the greatest common factor of 68932 and 304.
76
What is the highest common factor of 16376 and 172?
4
Calculate the highest common factor of 1008 and 6832.
112
Calculate the highest common factor of 310 and 217.
31
What is the highest common factor of 202377 and 2095?
419
What is the highest common factor of 61214 and 7230?
482
Calculate the highest common factor of 20 and 55080.
20
What is the greatest common divisor of 6 and 117022?
2
What is the greatest common factor of 151139 and 4667?
359
Calculate the highest common factor of 79232 and 128.
128
Calculate the greatest common divisor of 23121 and 819.
63
Calculate the greatest common factor of 152 and 1322685.
19
What is the greatest common factor of 56 and 37898?
14
What is the highest common factor of 51022 and 1552?
194
Calculate the highest common divisor of 2268 and 738234.
1134
What is the highest common factor of 167129 and 148?
37
What is the highest common factor of 2 and 312638?
2
Calculate the highest common factor of 19058 and 2197.
13
What is the greatest common factor of 594 and 985842?
198
Calculate the highest common factor of 136 and 340.
68
Calculate the greatest common factor of 4193 and 371.
7
Calculate the greatest common divisor of 44 and 384472.
44
What is the highest common factor of 680 and 1785?
85
What is the greatest common divisor of 90075 and 2700?
75
What is the highest common divisor of 101579 and 1256?
157
Calculate the greatest common factor of 63 and 5919438.
21
Calculate the highest common divisor of 224 and 20704.
32
What is the greatest common divisor of 123463 and 10261?
331
Calculate the greatest common divisor of 1802 and 4558.
106
What is the greatest common factor of 10682 and 826?
14
Calculate the greatest common factor of 14725 and 1250.
25
What is the greatest common divisor of 79247 and 21?
7
Calculate the greatest common divisor of 96 and 8292.
12
What is the highest common divisor of 1269 and 837?
27
Calculate the highest common divisor of 223153 and 13919.
449
What is the highest common divisor of 2885337 and 936?
117
Calculate the greatest common factor of 18 and 28106.
2
Calculate the greatest common divisor of 17665 and 265.
5
Calculate the greatest common factor of 198 and 12738.
66
Calculate the highest common divisor of 750 and 22650.
150
Calculate the highest common divisor of 48 and 5824.
16
What is the greatest common divisor of 198 and 70554?
66
Calculate the highest common divisor of 1304694 and 2997.
999
What is the greatest common factor of 14020 and 300?
20
What is the greatest common factor of 203 and 567?
7
Calculate the highest common factor of 69 and 30268.
23
What is the highest common divisor of 14464 and 5888?
128
Calculate the highest common factor of 2604 and 11508.
84
Calculate the highest common factor of 28 and 3236.
4
What is the highest common factor of 7908 and 24383?
659
What is the greatest common factor of 38678 and 34950?
466
What is the highest common factor of 188 and 2248574?
94
Calculate the highest common divisor of 118278 and 54.
18
Calculate the greatest common factor of 821418 and 104.
26
Calculate the highest common divisor of 644 and 1988.
28
What is the greatest common factor of 8155 and 5?
5
What is the greatest common factor of 119 and 2849?
7
Calculate the highest common factor of 65 and 53555.
5
Calculate the highest common factor of 176260 and 595.
35
What is the highest common divisor of 8924 and 114848?
388
What is the greatest common factor of 995 and 30447?
199
What is the highest common divisor of 135 and 43520?
5
What is the highest common divisor of 4 and 45468?
4
Calculate the greatest common divisor of 19897 and 286635.
197
What is the highest common factor of 3770811 and 492?
123
Calculate the highest common factor of 6201 and 36411.
159
Calculate the greatest common divisor of 944 and 39058.
118
Calculate the highest common divisor of 6902 and 8323.
203
What is the highest common factor of 22572 and 84?
12
Calculate the highest common divisor of 1626872 and 26.
26
What is the greatest common factor of 108389 and 1132?
283
What is the greatest common divisor of 333 and 4867683?
111
Calculate the greatest common factor of 768 and 1004288.
256
What is the greatest common factor of 501 and 123?
3
Calculate the greatest common divisor of 565 and 1092145.
565
What is the greatest common factor of 4709 and 571451?
277
Calculate the greatest common factor of 2241 and 342.
9
What is the greatest common divisor of 372 and 11129?
31
What is the highest common factor of 129 and 543219?
129
What is the greatest common factor of 519 and 327489?
519
Calculate the greatest common factor of 2700 and 9261.
27
Calculate the greatest common factor of 882 and 2304.
18
Calculate the highest common factor of 51954 and 42.
42
What is the greatest common factor of 17050 and 232562?
682
Calculate the highest common divisor of 85016 and 40.
8
Calculate the highest common divisor of 83349 and 5145.
1029
Calculate the greatest common factor of 98 and 873068.
14
Calculate the highest common factor of 235 and 961855.
235
Calculate the greatest common factor of 4029214 and 42.
14
What is the greatest common divisor of 1412 and 3803222?
706
What is the highest common divisor of 3760 and 3995?
235
Calculate the highest common divisor of 317075 and 8071.
1153
What is the greatest common divisor of 226635 and 58?
29
What is the greatest common divisor of 3992 and 104?
8
What is the greatest common factor of 13279 and 813?
271
Calculate the greatest common divisor of 7553 and 91.
91
Calculate the highest common divisor of 412 and 2700.
4
What is the greatest common factor of 1341 and 5215?
149
What is the greatest common factor of 1224 and 13008?
24
What is the highest common divisor of 149 and 76288?
149
Calculate the highest common factor of 54 and 550854.
54
What is the highest common factor of 34 and 146557?
17
Calculate the greatest common divisor of 30025 and 75.
25
What is the highest common divisor of 15795 and 104?
13
Calculate the highest common factor of 23511 and 5993.
461
Calculate the greatest common divisor of 570595 and 2780.
695
What is the highest common factor of 5191 and 6496?
29
Calculate the greatest common factor of 4761383 and 66.
11
What is the greatest common divisor of 368 and 138299?
23
What is the highest common divisor of 7575 and 66?
3
Calculate the greatest common factor of 84 and 9552.
12
What is the highest common divisor of 9 and 13043?
1
Calculate the greatest common factor of 44 and 3454.
22
Calculate the greatest common divisor of 321 and 3.
3
What is the highest common factor of 4 and 3236?
4
Calculate the greatest common factor of 2128 and 9198.
14
Calculate the greatest common divisor of 2624 and 6724.
164
What is the greatest common divisor of 19437 and 570?
57
What is the highest common factor of 11583 and 132?
33
What is the highest common divisor of 5 and 43565?
5
What is the highest common divisor of 6150 and 2378?
82
What is the greatest common divisor of 16588 and 25432?
44
Calculate the highest common factor of 121910 and 3006.
334
What is the highest common divisor of 360490 and 470?
470
What is the highest common divisor of 134 and 30162?
2
Calculate the greatest common factor of 1567991 and 769.
769
Calculate the highest common factor of 5986 and 30368.
146
Calculate the greatest common factor of 1167364 and 3784.
1892
What is the highest common divisor of 18575 and 500?
25
Calculate the highest common divisor of 418 and 590900.
38
What is the highest common factor of 5992 and 459137?
749
Calculate the greatest common divisor of 95943 and 3.
3
Calculate the highest common divisor of 800 and 720300.
100
What is the greatest common factor of 9 and 85647?
3
Calculate the 